{"id":834,"date":"2019-09-14T22:58:36","date_gmt":"2019-09-15T03:58:36","guid":{"rendered":"https:\/\/cpmqcca.mywhc.ca\/intranet\/?page_id=834"},"modified":"2019-09-14T23:59:01","modified_gmt":"2019-09-15T04:59:01","slug":"colloque-2009","status":"publish","type":"page","link":"https:\/\/cpm.qc.ca\/intranet\/colloques\/colloque-2009\/","title":{"rendered":"Colloque 2009"},"content":{"rendered":"\n<h1 class=\"wp-block-heading\">Les r\u00f4les en sant\u00e9 Ma dignit\u00e9<\/h1>\n\n\n\n<ul class=\"wp-block-list\"><li><a rel=\"noreferrer noopener\" aria-label=\"Cliquez ici pour acc\u00e9der \u00e0 la lettre d\u2019invitation (s\u2019ouvre dans un nouvel onglet)\" href=\"https:\/\/cpm.qc.ca\/intranet\/wp-content\/uploads\/sites\/4\/2019\/09\/Lettre-invitation-participant-2009.pdf\" target=\"_blank\">Cliquez ici pour acc\u00e9der \u00e0 la lettre d\u2019invitation<\/a><\/li><li><a href=\"https:\/\/cpm.qc.ca\/intranet\/wp-content\/uploads\/sites\/4\/2019\/09\/Communiquer-de-presse-2009.pdf\" target=\"_blank\" rel=\"noreferrer noopener\" aria-label=\"Cliquez ici pour acc\u00e9der au communiquer de presse (s\u2019ouvre dans un nouvel onglet)\">Cliquez ici pour acc\u00e9der au communiquer de presse<\/a><\/li><li><a rel=\"noreferrer noopener\" aria-label=\"Cliquez ici pour acc\u00e9der \u00e0 la fiche d\u2019inscription (s\u2019ouvre dans un nouvel onglet)\" href=\"https:\/\/cpm.qc.ca\/intranet\/wp-content\/uploads\/sites\/4\/2019\/09\/Programme-et-inscription-2009.pdf\" target=\"_blank\">Cliquez ici pour acc\u00e9der \u00e0 la fiche d\u2019inscription<\/a><\/li><li><a rel=\"noreferrer noopener\" aria-label=\"Cliquez ici pour acc\u00e9der au programme (s\u2019ouvre dans un nouvel onglet)\" href=\"https:\/\/cpm.qc.ca\/intranet\/wp-content\/uploads\/sites\/4\/2019\/09\/Programme-Final-2009.pdf\" target=\"_blank\">Cliquez ici pour acc\u00e9der au programme<\/a><\/li><\/ul>\n\n\n\n<p>Pour la huiti\u00e8me ann\u00e9e cons\u00e9cutive, le\nConseil&nbsp; pour la protection des malades\nest heureux d\u2019annoncer la tenue de son colloque annuel qui se tiendra le 5\noctobre 2009 \u00e0 l\u2019H\u00f4tel des Seigneurs, dans la ville de Saint-Hyacinthe. <strong><em><\/em><\/strong><\/p>\n\n\n\n<p>Cette ann\u00e9e, le Conseil pour la protection des\nmalades a invit\u00e9 des conf\u00e9renciers chevronn\u00e9(e)s qui vous pr\u00e9senteront des\nexpos\u00e9s qui sauront satisfaire vos questionnements, vos int\u00e9r\u00eats et vos\nattentes sur le r\u00f4le des diff\u00e9rents acteurs du r\u00e9seau de la sant\u00e9 et des\nservices sociaux. &nbsp;Une p\u00e9riode d\u2019\u00e9change suivra\nchaque conf\u00e9rence.&nbsp; Veuillez trouver,\nci-joint, le programme pr\u00e9liminaire de cet \u00e9v\u00e9nement marquant le 35<sup>\u00e8me <\/sup>anniversaire\nd\u2019existence de l\u2019organisation. <\/p>\n\n\n\n<p><\/p>\n\n\n\n<h2 class=\"wp-block-heading\">Nos conf\u00e9renciers invit\u00e9s:<\/h2>\n\n\n\n<p><strong>M. Yves Bolduc<\/strong>, ministre de la Sant\u00e9 et des Services sociaux du Qu\u00e9bec :  Mme Raymonde Saint-Germain, Protectrice du citoyen R\u00f4le du protecteur du citoyen <\/p>\n\n\n\n<p><strong>M. Denis Lalumi\u00e8re<\/strong>, sous-ministre adjoint, direction de la planification strat\u00e9gique, \u00e9valuation et qualit\u00e9 au minist\u00e8re de la sant\u00e9 et des services sociaux :  <em>L\u2019imputabilit\u00e9 des membres, la reddition des comptes et le r\u00f4le des membres du conseil d\u2019administration au sein des diff\u00e9rents comit\u00e9s d\u2019\u00e9tablissement <\/em><\/p>\n\n\n\n<p><strong>M. Pierre Lamarche<\/strong>, directeur g\u00e9n\u00e9ral des services aux personnes au Curateur public du Qu\u00e9bec :  <em>R\u00f4le et mission du Curateur public du Qu\u00e9bec <\/em><\/p>\n\n\n\n<p><strong>Mme Anne Monat<\/strong>, ergoth\u00e9rapeute conseil en g\u00e9rontologie :  <em>L\u2019implantation de l\u2019approche milieu de Vie, o\u00f9 en sommes-nous ? <\/em><\/p>\n\n\n\n<p><strong>Me Edmund Tobin<\/strong>, pr\u00e9sident au Conseil des Services Essentiels : <em> La sant\u00e9 et la s\u00e9curit\u00e9 de la population, au c\u0153ur de la mission\u00a0 du Conseil des services Essentiels <\/em><\/p>\n\n\n\n<p><strong>M. Louis Plamondon<\/strong>, Juriste et sociologue, Pr\u00e9sident RIFVEL : <em> Comment \u00e9valuer la s\u00e9curit\u00e9 dans les r\u00e9sidences et les services \u00e0\u00a0 domicile.  Comment reconna\u00eetre les situations de danger et intervenir ad\u00e9quatement <\/em><\/p>\n\n\n\n<p><\/p>\n","protected":false},"excerpt":{"rendered":"<p>Les r\u00f4les en sant\u00e9 Ma dignit\u00e9 Cliquez ici pour acc\u00e9der \u00e0 la lettre d\u2019invitation Cliquez ici pour acc\u00e9der au communiquer de presse Cliquez ici pour acc\u00e9der \u00e0 la fiche d\u2019inscription Cliquez ici pour acc\u00e9der au programme Pour la huiti\u00e8me ann\u00e9e <a class=\"more-link\" href=\"https:\/\/cpm.qc.ca\/intranet\/colloques\/colloque-2009\/\">Lire la suite &#8230;<\/a><\/p>\n","protected":false},"author":2,"featured_media":836,"parent":131,"menu_order":0,"comment_status":"closed","ping_status":"closed","template":"","meta":{"_bbp_topic_count":0,"_bbp_reply_count":0,"_bbp_total_topic_count":0,"_bbp_total_reply_count":0,"_bbp_voice_count":0,"_bbp_anonymous_reply_count":0,"_bbp_topic_count_hidden":0,"_bbp_reply_count_hidden":0,"_bbp_forum_subforum_count":0,"footnotes":""},"class_list":["post-834","page","type-page","status-publish","has-post-thumbnail","hentry"],"_links":{"self":[{"href":"https:\/\/cpm.qc.ca\/intranet\/wp-json\/wp\/v2\/pages\/834","targetHints":{"allow":["GET"]}}],"collection":[{"href":"https:\/\/cpm.qc.ca\/intranet\/wp-json\/wp\/v2\/pages"}],"about":[{"href":"https:\/\/cpm.qc.ca\/intranet\/wp-json\/wp\/v2\/types\/page"}],"author":[{"embeddable":true,"href":"https:\/\/cpm.qc.ca\/intranet\/wp-json\/wp\/v2\/users\/2"}],"replies":[{"embeddable":true,"href":"https:\/\/cpm.qc.ca\/intranet\/wp-json\/wp\/v2\/comments?post=834"}],"version-history":[{"count":18,"href":"https:\/\/cpm.qc.ca\/intranet\/wp-json\/wp\/v2\/pages\/834\/revisions"}],"predecessor-version":[{"id":861,"href":"https:\/\/cpm.qc.ca\/intranet\/wp-json\/wp\/v2\/pages\/834\/revisions\/861"}],"up":[{"embeddable":true,"href":"https:\/\/cpm.qc.ca\/intranet\/wp-json\/wp\/v2\/pages\/131"}],"wp:featuredmedia":[{"embeddable":true,"href":"https:\/\/cpm.qc.ca\/intranet\/wp-json\/wp\/v2\/media\/836"}],"wp:attachment":[{"href":"https:\/\/cpm.qc.ca\/intranet\/wp-json\/wp\/v2\/media?parent=834"}],"curies":[{"name":"wp","href":"https:\/\/api.w.org\/{rel}","templated":true}]}}