{"id":677,"date":"2019-09-14T07:29:13","date_gmt":"2019-09-14T12:29:13","guid":{"rendered":"https:\/\/cpmqcca.mywhc.ca\/intranet\/?page_id=677"},"modified":"2019-09-14T20:23:17","modified_gmt":"2019-09-15T01:23:17","slug":"colloque-2016","status":"publish","type":"page","link":"https:\/\/cpm.qc.ca\/intranet\/colloques\/colloque-2016\/","title":{"rendered":"Colloque 2016"},"content":{"rendered":"\n<h1 class=\"wp-block-heading\">Les R\u00e8gles qui r\u00e9gissent l\u2019h\u00e9bergement : des r\u00e8gles archa\u00efques qui divisent\u2026 <\/h1>\n\n\n\n<ul class=\"wp-block-list\"><li><a rel=\"noreferrer noopener\" aria-label=\" (s\u2019ouvre dans un nouvel onglet)\" href=\"https:\/\/cpm.qc.ca\/intranet\/wp-content\/uploads\/sites\/4\/2019\/09\/CPM2016-lettre-invitation.pdf\" target=\"_blank\">Cliquez ici pour acc\u00e9der \u00e0 la lettre d\u2019invitation<\/a><\/li><li><a rel=\"noreferrer noopener\" aria-label=\" (s\u2019ouvre dans un nouvel onglet)\" href=\"https:\/\/cpm.qc.ca\/intranet\/wp-content\/uploads\/sites\/4\/2019\/09\/Depliant-colloque-2016.pdf\" target=\"_blank\">Cliquez ici pour acc\u00e9der \u00e0 la fiche d\u2019inscription<\/a><\/li><li><a rel=\"noreferrer noopener\" aria-label=\"Clique ici pour acc\u00e9der au prix Claude Brunet (s\u2019ouvre dans un nouvel onglet)\" href=\"https:\/\/cpm.qc.ca\/intranet\/wp-content\/uploads\/sites\/4\/2019\/09\/Lettre-de-felicitation-Auxiliaires-benevoles.pdf\" target=\"_blank\">Cliquez ici pour acc\u00e9der au prix Claude Brunet<\/a><\/li><li><a rel=\"noreferrer noopener\" aria-label=\"Cliquez ici pour acc\u00e9der au communiquer de Presse (s\u2019ouvre dans un nouvel onglet)\" href=\"https:\/\/cpm.qc.ca\/intranet\/wp-content\/uploads\/sites\/4\/2019\/09\/Communiquer-Presse.pdf\" target=\"_blank\">Cliquez ici pour acc\u00e9der au communiquer de Presse<\/a><\/li><\/ul>\n\n\n\n<p>Le 15e colloque du Conseil pour la protection des malades (CPM) qui, \u00e0 l\u2019invitation des comit\u00e9s militants et divers organismes de la r\u00e9gion, s\u2019est tenu \u00e0 Rouyn ce samedi 17 septembre, r\u00e9clame du gouvernement du Qu\u00e9bec une loi quasi-constitutionnelle sur l\u2019h\u00e9bergement et les soins de longue dur\u00e9e.<\/p>\n\n\n\n<h2 class=\"wp-block-heading\">Nos pan\u00e9listes invit\u00e9s:<\/h2>\n\n\n\n<ul class=\"wp-block-list\"><li><strong>Mme France Riel<\/strong>,  Directrice de la Ressource d\u2019aide et d\u2019information en d\u00e9fense des droits de l\u2019Abitibi-T\u00e9miscamingue (RAIDDAT) depuis maintenant 6 ans.<\/li><li><strong>M. Jean-Fran\u00e7ois Rondeau<\/strong>,  Pharmacien responsable dans des pharmacies communautaires dans la grande r\u00e9gion de Qu\u00e9bec de 2002 \u00e0 2009 puis pharmacien propri\u00e9taire.<\/li><li><strong>M. Shanny Aubin<\/strong>,  Directeur adjoint \u00e0 la Direction du programme soutien \u00e0 l\u2019autonomie des personnes \u00e2g\u00e9es \u2013 services d\u2019h\u00e9bergement CISSS de l\u2019Abitibi-T\u00e9miscamingue.<\/li><li><strong>Mme Annie Audet<\/strong>, Directrice adjointe \u00e0 la Direction du programme soutien \u00e0 l\u2019autonomie des personnes \u00e2g\u00e9es \u2013 services de soutien \u00e0 domicile et services sp\u00e9cialis\u00e9s CISSS de l\u2019Abitibi-T\u00e9miscamingue.<\/li><li><strong>M. Alain Couture<\/strong>, Adjoint \u00e0 la directrice de la qualit\u00e9, \u00e9valuation, performance et \u00e9thique \u2013 agr\u00e9ment et gestion des risques CISSS de l\u2019Abitibi-T\u00e9miscamingue.<\/li><li><strong>M. Pierre Hurteau<\/strong>,  Membre du comit\u00e9 des patients (ou Comit\u00e9 des usagers) du Centre universitaire de sant\u00e9 McGill (CUSM). il si\u00e8ge toujours sur ce comit\u00e9 et repr\u00e9sente aujourd&rsquo;hui la Mission des soins de cancer du CUSM. <\/li><li><strong>M. Daniel Lemire<\/strong>, Chef de service des comptes \u00e0 payer et de la gestion des revenus CISSS de  l\u2019Abitibi-T\u00e9miscamingue <\/li><\/ul>\n\n\n\n<p><a rel=\"noreferrer noopener\" aria-label=\"Cliquer ici pour acc\u00e9der au Programme du colloque et \u00e0 la biographie des  pan\u00e9listes. (s\u2019ouvre dans un nouvel onglet)\" href=\"https:\/\/cpm.qc.ca\/intranet\/wp-content\/uploads\/sites\/4\/2019\/09\/Programme-du-colloque-et-pan\u00e9listes.pdf\" target=\"_blank\"><strong>Cliquer ici pour acc\u00e9der au Programme du colloque et \u00e0 la biographie des  pan\u00e9listes.<\/strong><\/a><\/p>\n","protected":false},"excerpt":{"rendered":"<p>Les R\u00e8gles qui r\u00e9gissent l\u2019h\u00e9bergement : des r\u00e8gles archa\u00efques qui divisent\u2026 Cliquez ici pour acc\u00e9der \u00e0 la lettre d\u2019invitation Cliquez ici pour acc\u00e9der \u00e0 la fiche d\u2019inscription Cliquez ici pour acc\u00e9der au prix Claude Brunet Cliquez ici pour acc\u00e9der au <a class=\"more-link\" href=\"https:\/\/cpm.qc.ca\/intranet\/colloques\/colloque-2016\/\">Lire la suite &#8230;<\/a><\/p>\n","protected":false},"author":2,"featured_media":459,"parent":131,"menu_order":0,"comment_status":"closed","ping_status":"closed","template":"","meta":{"_bbp_topic_count":0,"_bbp_reply_count":0,"_bbp_total_topic_count":0,"_bbp_total_reply_count":0,"_bbp_voice_count":0,"_bbp_anonymous_reply_count":0,"_bbp_topic_count_hidden":0,"_bbp_reply_count_hidden":0,"_bbp_forum_subforum_count":0,"footnotes":""},"class_list":["post-677","page","type-page","status-publish","has-post-thumbnail","hentry"],"_links":{"self":[{"href":"https:\/\/cpm.qc.ca\/intranet\/wp-json\/wp\/v2\/pages\/677","targetHints":{"allow":["GET"]}}],"collection":[{"href":"https:\/\/cpm.qc.ca\/intranet\/wp-json\/wp\/v2\/pages"}],"about":[{"href":"https:\/\/cpm.qc.ca\/intranet\/wp-json\/wp\/v2\/types\/page"}],"author":[{"embeddable":true,"href":"https:\/\/cpm.qc.ca\/intranet\/wp-json\/wp\/v2\/users\/2"}],"replies":[{"embeddable":true,"href":"https:\/\/cpm.qc.ca\/intranet\/wp-json\/wp\/v2\/comments?post=677"}],"version-history":[{"count":23,"href":"https:\/\/cpm.qc.ca\/intranet\/wp-json\/wp\/v2\/pages\/677\/revisions"}],"predecessor-version":[{"id":769,"href":"https:\/\/cpm.qc.ca\/intranet\/wp-json\/wp\/v2\/pages\/677\/revisions\/769"}],"up":[{"embeddable":true,"href":"https:\/\/cpm.qc.ca\/intranet\/wp-json\/wp\/v2\/pages\/131"}],"wp:featuredmedia":[{"embeddable":true,"href":"https:\/\/cpm.qc.ca\/intranet\/wp-json\/wp\/v2\/media\/459"}],"wp:attachment":[{"href":"https:\/\/cpm.qc.ca\/intranet\/wp-json\/wp\/v2\/media?parent=677"}],"curies":[{"name":"wp","href":"https:\/\/api.w.org\/{rel}","templated":true}]}}