{"id":614,"date":"2019-09-05T12:26:48","date_gmt":"2019-09-05T17:26:48","guid":{"rendered":"https:\/\/cpmqcca.mywhc.ca\/intranet\/?page_id=614"},"modified":"2019-09-05T12:41:34","modified_gmt":"2019-09-05T17:41:34","slug":"liens","status":"publish","type":"page","link":"https:\/\/cpm.qc.ca\/intranet\/liens\/","title":{"rendered":"Liens"},"content":{"rendered":"\n<ul class=\"wp-block-list\"><li><a rel=\"noreferrer noopener\" href=\"http:\/\/www.msss.gouv.qc.ca\/repertoires\/index.php#cancer%23cancer\" target=\"_blank\">Cancer<\/a><\/li><li><a rel=\"noreferrer noopener\" href=\"http:\/\/www.msss.gouv.qc.ca\/repertoires\/index.php#css%23css\" target=\"_blank\">Centres de sant\u00e9 et de services sociaux (CSSS)<\/a><\/li><li><a rel=\"noreferrer noopener\" href=\"http:\/\/www2.publicationsduquebec.gouv.qc.ca\/dynamicSearch\/telecharge.php?type=2&amp;file=\/C_12\/C12.HTM\" target=\"_blank\">Charte des droits et libert\u00e9s de la personne du Qu\u00e9bec<\/a><\/li><li><a rel=\"noreferrer noopener\" href=\"http:\/\/ethique.msss.gouv.qc.ca\/site\/137.0.0.1.0.0.phtml\" target=\"_blank\">Comit\u00e9s d\u2019\u00e9thique du Qu\u00e9bec (R\u00e9pertoire)<\/a><\/li><li><a rel=\"noreferrer noopener\" href=\"http:\/\/www.msss.gouv.qc.ca\/repertoires\/index.php#grossesse%23grossesse\" target=\"_blank\">Groupes de m\u00e9decine de famille accr\u00e9dit\u00e9s (liste)<\/a><\/li><li><a rel=\"noreferrer noopener\" aria-label=\"Atlas de la Sant\u00e9 et des Services sociaux (s\u2019ouvre dans un nouvel onglet)\" href=\"http:\/\/www.msss.gouv.qc.ca\/professionnels\/informations-geographiques-et-de-population\/atlas-de-la-sante-et-des-services-sociaux\/\" target=\"_blank\">Atlas de la Sant\u00e9 et des Services sociaux<\/a><\/li><li><a rel=\"noreferrer noopener\" href=\"http:\/\/laws-lois.justice.gc.ca\/fra\/lois\/h-6\/page-1.html\" target=\"_blank\">Loi canadienne sur les droits de la personne<\/a><\/li><li><a rel=\"noreferrer noopener\" href=\"http:\/\/www.msss.gouv.qc.ca\/sujets\/prob_sante\/cancer\/index.php?services_au_quebec\" target=\"_blank\">Maisons de soins palliatifs au Qu\u00e9bec (Liste)<\/a><\/li><li><a rel=\"noreferrer noopener\" href=\"http:\/\/www.gouv.qc.ca\/portail\/quebec\/pgs\/commun\/gouv\/minorg?lang=fr\" target=\"_blank\">Minist\u00e8res et organismes (Liste)<\/a><\/li><li><a rel=\"noreferrer noopener\" href=\"http:\/\/k10.pub.msss.rtss.qc.ca\/public\/K10FormRecherche.asp\" target=\"_blank\">R\u00e9sidences pour personnes \u00e2g\u00e9es (Registre)<\/a><\/li><li><a rel=\"noreferrer noopener\" href=\"http:\/\/dependances.gouv.qc.ca\/index.php?repertoire_des_ressources_dependance\" target=\"_blank\">Ressources en d\u00e9pendances (R\u00e9pertoire)<\/a><\/li><li><a rel=\"noreferrer noopener\" href=\"http:\/\/www.msss.gouv.qc.ca\/repertoires\/index.php#infections%23infections\" target=\"_blank\">Services int\u00e9gr\u00e9s de d\u00e9pistage et de pr\u00e9vention des ITSS (Liste)<\/a><\/li><li><a rel=\"noreferrer noopener\" href=\"http:\/\/www.msss.gouv.qc.ca\/repertoires\/biomed\/\" target=\"_blank\">Proc\u00e9dures suprar\u00e9gionales de biologie m\u00e9dicale (R\u00e9pertoire)<\/a><br><\/li><\/ul>\n","protected":false},"excerpt":{"rendered":"<p>Cancer Centres de sant\u00e9 et de services sociaux (CSSS) Charte des droits et libert\u00e9s de la personne du Qu\u00e9bec Comit\u00e9s d\u2019\u00e9thique du Qu\u00e9bec (R\u00e9pertoire) Groupes de m\u00e9decine de famille accr\u00e9dit\u00e9s (liste) Atlas de la Sant\u00e9 et des Services sociaux Loi <a class=\"more-link\" href=\"https:\/\/cpm.qc.ca\/intranet\/liens\/\">Lire la suite &#8230;<\/a><\/p>\n","protected":false},"author":2,"featured_media":0,"parent":0,"menu_order":0,"comment_status":"closed","ping_status":"closed","template":"","meta":{"_bbp_topic_count":0,"_bbp_reply_count":0,"_bbp_total_topic_count":0,"_bbp_total_reply_count":0,"_bbp_voice_count":0,"_bbp_anonymous_reply_count":0,"_bbp_topic_count_hidden":0,"_bbp_reply_count_hidden":0,"_bbp_forum_subforum_count":0,"footnotes":""},"class_list":["post-614","page","type-page","status-publish","hentry"],"_links":{"self":[{"href":"https:\/\/cpm.qc.ca\/intranet\/wp-json\/wp\/v2\/pages\/614","targetHints":{"allow":["GET"]}}],"collection":[{"href":"https:\/\/cpm.qc.ca\/intranet\/wp-json\/wp\/v2\/pages"}],"about":[{"href":"https:\/\/cpm.qc.ca\/intranet\/wp-json\/wp\/v2\/types\/page"}],"author":[{"embeddable":true,"href":"https:\/\/cpm.qc.ca\/intranet\/wp-json\/wp\/v2\/users\/2"}],"replies":[{"embeddable":true,"href":"https:\/\/cpm.qc.ca\/intranet\/wp-json\/wp\/v2\/comments?post=614"}],"version-history":[{"count":14,"href":"https:\/\/cpm.qc.ca\/intranet\/wp-json\/wp\/v2\/pages\/614\/revisions"}],"predecessor-version":[{"id":629,"href":"https:\/\/cpm.qc.ca\/intranet\/wp-json\/wp\/v2\/pages\/614\/revisions\/629"}],"wp:attachment":[{"href":"https:\/\/cpm.qc.ca\/intranet\/wp-json\/wp\/v2\/media?parent=614"}],"curies":[{"name":"wp","href":"https:\/\/api.w.org\/{rel}","templated":true}]}}