{"id":540,"date":"2019-09-02T12:44:43","date_gmt":"2019-09-02T17:44:43","guid":{"rendered":"https:\/\/cpmqcca.mywhc.ca\/intranet\/?page_id=540"},"modified":"2019-09-14T21:47:22","modified_gmt":"2019-09-15T02:47:22","slug":"colloque-2013","status":"publish","type":"page","link":"https:\/\/cpm.qc.ca\/intranet\/colloques\/colloque-2013\/","title":{"rendered":"Colloque 2013"},"content":{"rendered":"\n<h1 class=\"wp-block-heading\">L\u2019exploitation financi\u00e8re des personnes vuln\u00e9rables<\/h1>\n\n\n\n<ul class=\"wp-block-list\"><li><a rel=\"noreferrer noopener\" aria-label=\"Cliquez ici pour acc\u00e9der \u00e0 la lettre d\u2019invitation (s\u2019ouvre dans un nouvel onglet)\" href=\"https:\/\/cpm.qc.ca\/intranet\/wp-content\/uploads\/sites\/4\/2019\/09\/Lettre-programme.pdf\" target=\"_blank\">Cliquez ici pour acc\u00e9der \u00e0 la lettre d\u2019invitation<\/a><\/li><li><a rel=\"noreferrer noopener\" aria-label=\"Cliquez ici pour acc\u00e9der \u00e0 la fiche d\u2019inscription (s\u2019ouvre dans un nouvel onglet)\" href=\"https:\/\/cpm.qc.ca\/intranet\/wp-content\/uploads\/sites\/4\/2019\/09\/PROGRAMME-PR\u00c9LIMINAIRE-DU-DOUZI\u00c8ME-COLLOQUE-2013.pdf\" target=\"_blank\">Cliquez ici pour acc\u00e9der \u00e0 la fiche d\u2019inscription<\/a><\/li><li><a rel=\"noreferrer noopener\" aria-label=\"Cliquez ici pour acc\u00e9der au cahier du participant (s\u2019ouvre dans un nouvel onglet)\" href=\"https:\/\/cpm.qc.ca\/intranet\/wp-content\/uploads\/sites\/4\/2019\/09\/cahier-du-participant-2013.pdf\" target=\"_blank\">Cliquez ici pour acc\u00e9der au cahier du participant<\/a><\/li><li><a href=\"https:\/\/cpm.qc.ca\/intranet\/wp-content\/uploads\/sites\/4\/2019\/09\/Prix-Claude-Brunet-2013.pdf\" target=\"_blank\" rel=\"noreferrer noopener\" aria-label=\"Cliquez ici pour acc\u00e9der au prix Claude Brunet (s\u2019ouvre dans un nouvel onglet)\">Cliquez ici pour acc\u00e9der au prix Claude Brunet<\/a><\/li><\/ul>\n\n\n\n<p><strong>Consultez les pr\u00e9sentations des conf\u00e9renciers*:<\/strong><\/p>\n\n\n\n<p>* Veuillez noter que les propos contenus dans les pr\u00e9sentations rendues disponibles sur cette page n\u2019engagent que leurs auteurs et, par cons\u00e9quent, ne sauraient repr\u00e9senter quelque opinion ou position officielle du Conseil pour la protection des malades.<\/p>\n\n\n\n<p><strong>Nos conf\u00e9renciers vous remercient de bien vouloir mentionner la source si jamais vous deviez utiliser un extrait de leur pr\u00e9sentation.<\/strong><\/p>\n\n\n\n<ul class=\"wp-block-list\"><li><a rel=\"noreferrer noopener\" aria-label=\" (s\u2019ouvre dans un nouvel onglet)\" href=\"https:\/\/cpm.qc.ca\/intranet\/wp-content\/uploads\/sites\/4\/2019\/09\/Presentation-de-la-docteure-Elisabeth-Azuelos.pdf\" target=\"_blank\">Dre Elisabeth Azu\u00e9los<\/a><\/li><li><a rel=\"noreferrer noopener\" aria-label=\" (s\u2019ouvre dans un nouvel onglet)\" href=\"https:\/\/cpm.qc.ca\/intranet\/wp-content\/uploads\/sites\/4\/2019\/09\/Presentation-de-Madame-Adina-Ungureanu-ACCESSS.pdf\" target=\"_blank\">Madame Adiana Ungureanu<\/a> (Agente de liaison, ACC\u00c9SSS )<\/li><li><a rel=\"noreferrer noopener\" aria-label=\" (s\u2019ouvre dans un nouvel onglet)\" href=\"https:\/\/cpm.qc.ca\/intranet\/wp-content\/uploads\/sites\/4\/2019\/09\/Presentation-de-Madame-Denise-Boulet-ecole-du-Barreau_pdg.pdf\" target=\"_blank\">Madame Denise Boulet<\/a> (\u00e9cole du Barreau)<\/li><li><a rel=\"noreferrer noopener\" aria-label=\"Madame Lyne R\u00e9millard (s\u2019ouvre dans un nouvel onglet)\" href=\"https:\/\/cpm.qc.ca\/intranet\/wp-content\/uploads\/sites\/4\/2019\/09\/Presentation-de-Madame-Lyne-Remillard-FADOQ.pdf\" target=\"_blank\">Madame Lyne R\u00e9millard<\/a> (FADOQ)<\/li><li><a rel=\"noreferrer noopener\" aria-label=\"Madame Nancy McKeown (s\u2019ouvre dans un nouvel onglet)\" href=\"https:\/\/cpm.qc.ca\/intranet\/wp-content\/uploads\/sites\/4\/2019\/09\/Presentation-de-Madame-Nancy-McKeown-Curateur-public.pdf\" target=\"_blank\">Madame Nancy McKeown<\/a> (Curateur public)<\/li><li><a rel=\"noreferrer noopener\" aria-label=\"Madame Rita Baillargeon (s\u2019ouvre dans un nouvel onglet)\" href=\"https:\/\/cpm.qc.ca\/intranet\/wp-content\/uploads\/sites\/4\/2019\/09\/Presentation-de-Madame-Rita-Baillargeon-Office-des-personnes-handicapees-du-Quebec.pdf\" target=\"_blank\">Madame Rita Baillargeon<\/a> (Office des personnes handicap\u00e9es du Qu\u00e9bec)<\/li><li><a rel=\"noreferrer noopener\" aria-label=\"Madame Marie-\u00c8ve B\u00e9dard (s\u2019ouvre dans un nouvel onglet)\" href=\"https:\/\/cpm.qc.ca\/intranet\/wp-content\/uploads\/sites\/4\/2019\/09\/Presentation-de-Marie-Eve-Bedard-etudiante-au-PhD-en-gerontologie-U-de-Sherbrooke-Implication-des-comites-dans-la-lutte-contre-la-maltraitance.pdf\" target=\"_blank\">Madame Marie-\u00c8ve B\u00e9dard<\/a> (\u00e9tudiante au Ph.D. en g\u00e9rontologie, U. de Sherbrooke)<\/li><li><a rel=\"noreferrer noopener\" aria-label=\"Monsieur Andr\u00e9 Michaud (s\u2019ouvre dans un nouvel onglet)\" href=\"https:\/\/cpm.qc.ca\/intranet\/wp-content\/uploads\/sites\/4\/2019\/09\/Presentation-de-Monsieur-Andre-Michaud-de-Revenu-Canada.pdf\" target=\"_blank\">Monsieur Andr\u00e9 Michaud<\/a> (Revenu Canada)<\/li><li><a rel=\"noreferrer noopener\" aria-label=\"Monsieur Richard Fortier (s\u2019ouvre dans un nouvel onglet)\" href=\"https:\/\/cpm.qc.ca\/intranet\/wp-content\/uploads\/sites\/4\/2019\/09\/Presentation-de-Monsieur-Richard-Fortier-Caisse-populaire-Desjardins.pdf\" target=\"_blank\">Monsieur Richard Fortier<\/a> (Caisse populaire Desjardins)<\/li><li><a rel=\"noreferrer noopener\" aria-label=\"Monsieur Zakaria Lingane (s\u2019ouvre dans un nouvel onglet)\" href=\"https:\/\/cpm.qc.ca\/intranet\/wp-content\/uploads\/sites\/4\/2019\/09\/Presentation-de-Monsieur-Zakaria-Lingane-Commission-des-droits-de-la-personne-et-des-droits-de-la-jeunesse.pdf\" target=\"_blank\">Monsieur Zakaria Lingane<\/a> (Commission des droits de la personne et de la jeunesse)<\/li><li><a rel=\"noreferrer noopener\" aria-label=\"Monsieur Ren\u00e9 Chass\u00e9 (s\u2019ouvre dans un nouvel onglet)\" href=\"https:\/\/cpm.qc.ca\/intranet\/wp-content\/uploads\/sites\/4\/2019\/09\/Presentation-de-Rene-Chasse-Revenu-Quebec.pdf\" target=\"_blank\">Monsieur Ren\u00e9 Chass\u00e9<\/a> (Revenu Qu\u00e9bec)<\/li><li><a href=\"https:\/\/cpm.qc.ca\/intranet\/wp-content\/uploads\/sites\/4\/2019\/09\/Presentation-de-Monsieur-Louis-Plamondon-Association-quebecoise-pour-la-defense-des-droits-des-retraites.pdf\" target=\"_blank\" rel=\"noreferrer noopener\" aria-label=\"Monsieur Louis Plamondon (s\u2019ouvre dans un nouvel onglet)\">Monsieur Louis Plamondon<\/a> (Association qu\u00e9b\u00e9coise pour la d\u00e9fense des droits des retrait\u00e9s)<\/li><\/ul>\n","protected":false},"excerpt":{"rendered":"<p>L\u2019exploitation financi\u00e8re des personnes vuln\u00e9rables Cliquez ici pour acc\u00e9der \u00e0 la lettre d\u2019invitation Cliquez ici pour acc\u00e9der \u00e0 la fiche d\u2019inscription Cliquez ici pour acc\u00e9der au cahier du participant Cliquez ici pour acc\u00e9der au prix Claude Brunet Consultez les pr\u00e9sentations <a class=\"more-link\" href=\"https:\/\/cpm.qc.ca\/intranet\/colloques\/colloque-2013\/\">Lire la suite &#8230;<\/a><\/p>\n","protected":false},"author":2,"featured_media":791,"parent":131,"menu_order":0,"comment_status":"closed","ping_status":"closed","template":"","meta":{"_bbp_topic_count":0,"_bbp_reply_count":0,"_bbp_total_topic_count":0,"_bbp_total_reply_count":0,"_bbp_voice_count":0,"_bbp_anonymous_reply_count":0,"_bbp_topic_count_hidden":0,"_bbp_reply_count_hidden":0,"_bbp_forum_subforum_count":0,"footnotes":""},"class_list":["post-540","page","type-page","status-publish","has-post-thumbnail","hentry"],"_links":{"self":[{"href":"https:\/\/cpm.qc.ca\/intranet\/wp-json\/wp\/v2\/pages\/540","targetHints":{"allow":["GET"]}}],"collection":[{"href":"https:\/\/cpm.qc.ca\/intranet\/wp-json\/wp\/v2\/pages"}],"about":[{"href":"https:\/\/cpm.qc.ca\/intranet\/wp-json\/wp\/v2\/types\/page"}],"author":[{"embeddable":true,"href":"https:\/\/cpm.qc.ca\/intranet\/wp-json\/wp\/v2\/users\/2"}],"replies":[{"embeddable":true,"href":"https:\/\/cpm.qc.ca\/intranet\/wp-json\/wp\/v2\/comments?post=540"}],"version-history":[{"count":24,"href":"https:\/\/cpm.qc.ca\/intranet\/wp-json\/wp\/v2\/pages\/540\/revisions"}],"predecessor-version":[{"id":801,"href":"https:\/\/cpm.qc.ca\/intranet\/wp-json\/wp\/v2\/pages\/540\/revisions\/801"}],"up":[{"embeddable":true,"href":"https:\/\/cpm.qc.ca\/intranet\/wp-json\/wp\/v2\/pages\/131"}],"wp:featuredmedia":[{"embeddable":true,"href":"https:\/\/cpm.qc.ca\/intranet\/wp-json\/wp\/v2\/media\/791"}],"wp:attachment":[{"href":"https:\/\/cpm.qc.ca\/intranet\/wp-json\/wp\/v2\/media?parent=540"}],"curies":[{"name":"wp","href":"https:\/\/api.w.org\/{rel}","templated":true}]}}